{"id":2,"date":"2024-12-04T08:24:30","date_gmt":"2024-12-04T08:24:30","guid":{"rendered":"http:\/\/instalatorwp671.dkonto.pl\/?page_id=2"},"modified":"2025-01-25T10:57:44","modified_gmt":"2025-01-25T09:57:44","slug":"transport_drogowy","status":"publish","type":"page","link":"https:\/\/transcont.pl\/index.php\/transport_drogowy\/","title":{"rendered":"Transport drogowy"},"content":{"rendered":"\n<h2 class=\"wp-block-heading has-text-align-center\">Transport drogowy<\/h2>\n\n\n\n<div class=\"wp-block-columns alignwide is-layout-flex wp-container-core-columns-is-layout-1 wp-block-columns-is-layout-flex\" style=\"padding-top:0;padding-right:0;padding-bottom:0;padding-left:0\">\n<div class=\"wp-block-column is-vertically-aligned-center is-layout-flow wp-container-core-column-is-layout-1 wp-block-column-is-layout-flow\">\n<figure class=\"wp-block-image size-full has-custom-border is-style-default\"><img loading=\"lazy\" decoding=\"async\" width=\"2560\" height=\"1707\" src=\"https:\/\/transcont.pl\/wp-content\/uploads\/2025\/01\/container-operation-port-series-scaled.jpg\" alt=\"\" class=\"wp-image-215\" style=\"border-radius:8px;aspect-ratio:1;object-fit:cover\" srcset=\"https:\/\/transcont.pl\/wp-content\/uploads\/2025\/01\/container-operation-port-series-scaled.jpg 2560w, https:\/\/transcont.pl\/wp-content\/uploads\/2025\/01\/container-operation-port-series-300x200.jpg 300w, https:\/\/transcont.pl\/wp-content\/uploads\/2025\/01\/container-operation-port-series-1024x683.jpg 1024w, https:\/\/transcont.pl\/wp-content\/uploads\/2025\/01\/container-operation-port-series-768x512.jpg 768w, https:\/\/transcont.pl\/wp-content\/uploads\/2025\/01\/container-operation-port-series-1536x1024.jpg 1536w, https:\/\/transcont.pl\/wp-content\/uploads\/2025\/01\/container-operation-port-series-2048x1365.jpg 2048w, https:\/\/transcont.pl\/wp-content\/uploads\/2025\/01\/container-operation-port-series-360x240.jpg 360w\" sizes=\"auto, (max-width: 2560px) 100vw, 2560px\" \/><\/figure>\n<\/div>\n\n\n\n<div class=\"wp-block-column is-vertically-aligned-center is-layout-flow wp-container-core-column-is-layout-2 wp-block-column-is-layout-flow\">\n<ul class=\"wp-block-list\">\n<li class=\"has-medium-font-size\">Nasza firma specjalizuje si\u0119 w transporcie drogowym kontener\u00f3w realizowanym dla firm spedycyjnych oraz armator\u00f3w morskich<br><\/li>\n\n\n\n<li class=\"has-medium-font-size\">Transporty samochodowe realizujemy w oparciu o w\u0142asny park nowoczesnych naczep&nbsp;do przewozu kontener\u00f3w 20\u2019, 40\u2019 i 45\u2019 oraz nadwozi wymiennych<br><\/li>\n\n\n\n<li class=\"has-medium-font-size\">Nie tylko przewozy krajowe &#8211; Transport samochodowy kontener\u00f3w wykonujemy zar\u00f3wno na terenie Polski jak i ca\u0142ej Europy<br><\/li>\n\n\n\n<li class=\"has-medium-font-size\">Realizujemy transport towar\u00f3w ADR<br><\/li>\n\n\n\n<li class=\"has-medium-font-size\">Wiemy jak wa\u017cna jest komunikacja z klientem, dlatego dzi\u0119ki nowoczesnym rozwi\u0105zaniom IT jeste\u015bmy w ci\u0105g\u0142ym kontakcie<\/li>\n<\/ul>\n\n\n\n<div class=\"wp-block-buttons is-content-justification-center is-layout-flex wp-container-core-buttons-is-layout-1 wp-block-buttons-is-layout-flex\"><\/div>\n<\/div>\n<\/div>\n","protected":false},"excerpt":{"rendered":"<p>Transport drogowy<\/p>\n","protected":false},"author":1,"featured_media":0,"parent":0,"menu_order":0,"comment_status":"closed","ping_status":"closed","template":"page-templates\/template-pagebuilder-full-width.php","meta":{"footnotes":""},"class_list":["post-2","page","type-page","status-publish","hentry"],"_links":{"self":[{"href":"https:\/\/transcont.pl\/index.php\/wp-json\/wp\/v2\/pages\/2","targetHints":{"allow":["GET"]}}],"collection":[{"href":"https:\/\/transcont.pl\/index.php\/wp-json\/wp\/v2\/pages"}],"about":[{"href":"https:\/\/transcont.pl\/index.php\/wp-json\/wp\/v2\/types\/page"}],"author":[{"embeddable":true,"href":"https:\/\/transcont.pl\/index.php\/wp-json\/wp\/v2\/users\/1"}],"replies":[{"embeddable":true,"href":"https:\/\/transcont.pl\/index.php\/wp-json\/wp\/v2\/comments?post=2"}],"version-history":[{"count":10,"href":"https:\/\/transcont.pl\/index.php\/wp-json\/wp\/v2\/pages\/2\/revisions"}],"predecessor-version":[{"id":232,"href":"https:\/\/transcont.pl\/index.php\/wp-json\/wp\/v2\/pages\/2\/revisions\/232"}],"wp:attachment":[{"href":"https:\/\/transcont.pl\/index.php\/wp-json\/wp\/v2\/media?parent=2"}],"curies":[{"name":"wp","href":"https:\/\/api.w.org\/{rel}","templated":true}]}}